{"id":178,"date":"2024-02-15T15:19:33","date_gmt":"2024-02-15T15:19:33","guid":{"rendered":"https:\/\/aulasdeequitacao.com.br\/home\/?page_id=178"},"modified":"2026-01-30T17:21:06","modified_gmt":"2026-01-30T17:21:06","slug":"primeira-vez","status":"publish","type":"page","link":"https:\/\/aulasdeequitacao.com.br\/home\/primeira-vez\/","title":{"rendered":"Primeira aula ou visita? Dicas \u00fateis"},"content":{"rendered":"\n<h4>Se \u00e9 a sua primeira aula ou visita, aqui est\u00e3o algumas dicas importantes: o que vestir, como chegar, endere\u00e7o e telefone (WhatsApp) dos profissionais que trabalham na h\u00edpica.<\/h4>\n\n\n\n\n<div ><style>#sp-ea-177 .spcollapsing { height: 0; overflow: hidden; transition-property: height;transition-duration: 300ms;}#sp-ea-177.sp-easy-accordion>.sp-ea-single {margin-bottom: 10px; border: 1px solid #e2e2e2; }#sp-ea-177.sp-easy-accordion>.sp-ea-single>.ea-header a {color: #444;}#sp-ea-177.sp-easy-accordion>.sp-ea-single>.sp-collapse>.ea-body {background: #fff; color: #444;}#sp-ea-177.sp-easy-accordion>.sp-ea-single {background: #eee;}#sp-ea-177.sp-easy-accordion>.sp-ea-single>.ea-header a .ea-expand-icon { float: left; color: #444;font-size: 16px;}<\/style><div id=\"sp_easy_accordion-1687281923\"><div id=\"sp-ea-177\" class=\"sp-ea-one sp-easy-accordion\" data-ea-active=\"ea-click\" data-ea-mode=\"vertical\" data-preloader=\"\" data-scroll-active-item=\"\" data-offset-to-scroll=\"0\"><div class=\"ea-card ea-expand sp-ea-single\"><h3 class=\"ea-header\"><a class=\"collapsed\" id=\"ea-header-1770\" role=\"button\" data-sptoggle=\"spcollapse\" data-sptarget=\"#collapse1770\" aria-controls=\"collapse1770\" href=\"#\" aria-expanded=\"true\" tabindex=\"0\"><i aria-hidden=\"true\" role=\"presentation\" class=\"ea-expand-icon eap-icon-ea-expand-minus\"><\/i> Qual \u00e9 o caminho, como chegar?<\/a><\/h3><div class=\"sp-collapse spcollapse collapsed show\" id=\"collapse1770\" data-parent=\"#sp-ea-177\" role=\"region\" aria-labelledby=\"ea-header-1770\"> <div class=\"ea-body\"><p><span style=\"font-size: 14pt\">Coloque no Wase ou Google Maps<\/span><\/p><p><span style=\"font-size: 14pt\">Thaty Aulas Equita\u00e7\u00e3o \u2014 clique aqui para <strong><a href=\"https:\/\/ul.waze.com\/ul?place=ChIJj-6PFQVOzpQROsd7Bgo_3vs&amp;ll=-23.38501530%2C-46.67335360&amp;navigate=yes&amp;utm_campaign=default&amp;utm_source=waze_website&amp;utm_medium=lm_share_location\" target=\"_blank\" rel=\"noopener\">wase<\/a><\/strong> e aqui para <strong><a href=\"https:\/\/goo.gl\/maps\/weh74xKdnanYsNbY7\" target=\"_blank\" rel=\"noopener\">google maps<\/a><\/strong><\/span><\/p><p><span style=\"font-size: 14pt\">ou<\/span><\/p><figure id=\"attachment_2430\" aria-describedby=\"caption-attachment-2430\" style=\"width: 300px\" class=\"wp-caption alignnone\"><img fetchpriority=\"high\" decoding=\"async\" class=\"size-medium wp-image-2430\" src=\"https:\/\/www.thatyvidal.com.br\/wp-content\/uploads\/2023\/04\/IMG_20230325_102251867-scaled-e1682467649713-300x169.jpg\" alt=\"Entrada da H\u00edpica Haras Funchal\" width=\"300\" height=\"169\" \/><figcaption id=\"caption-attachment-2430\" class=\"wp-caption-text\">Entrada da H\u00edpica Haras Funchal<\/figcaption><\/figure><p><strong><span style=\"font-size: 14px\"><a href=\"https:\/\/goo.gl\/maps\/nqL8So1iVEH4PYzi8\" target=\"_blank\" rel=\"noopener\">H\u00ed<\/a><\/span><\/strong><strong><span style=\"font-size: 14px\"><a href=\"https:\/\/goo.gl\/maps\/nqL8So1iVEH4PYzi8\" target=\"_blank\" rel=\"noopener\">pica Haras Funchal<\/a><\/span><\/strong><\/p><p>Endere\u00e7o <a href=\"https:\/\/goo.gl\/maps\/nqL8So1iVEH4PYzi8\" target=\"_blank\" rel=\"noopener\">rua projetada ll francisco rodrigues da cunha, 07700-000, Catingueiro, Caieiras &#8211; SP, 07700-000<\/a><\/p><\/div><\/div><\/div><div class=\"ea-card sp-ea-single\"><h3 class=\"ea-header\"><a class=\"collapsed\" id=\"ea-header-1771\" role=\"button\" data-sptoggle=\"spcollapse\" data-sptarget=\"#collapse1771\" aria-controls=\"collapse1771\" href=\"#\" aria-expanded=\"false\" tabindex=\"0\"><i aria-hidden=\"true\" role=\"presentation\" class=\"ea-expand-icon eap-icon-ea-expand-plus\"><\/i> Contatos na h\u00edpica em caso de necessidade no dia da sua primeira visita<\/a><\/h3><div class=\"sp-collapse spcollapse \" id=\"collapse1771\" data-parent=\"#sp-ea-177\" role=\"region\" aria-labelledby=\"ea-header-1771\"> <div class=\"ea-body\"><p><span style=\"font-size: 12pt\">Caso seja necess\u00e1rio, atraso, caminho, orienta\u00e7\u00f5es, voc\u00ea pode falar com o pessoal que fica na h\u00edpica, instrutores, nem sempre responder\u00e3o prontamente por, eventualmente, estar em aula ou trabalhando um cavalo:<\/span><\/p><p><span style=\"font-size: 12pt\">Cruiff (propriet\u00e1rio da h\u00edpica e instrutor) \u2014 +55 11 99631-3327 <a href=\"http:\/\/api.whatsapp.com\/send?1=pt_BR&amp;phone=5511996313327\" target=\"_blank\" rel=\"noopener\">WhatsApp clique aqui<\/a><\/span><\/p><p><span style=\"font-size: 12pt\">Niels (instrutor) \u2014 +55 11 99959-2084 <a href=\"http:\/\/api.whatsapp.com\/send?1=pt_BR&amp;phone=551199959-2084\" target=\"_blank\" rel=\"noopener\">WhatsApp clique aqui<\/a><\/span><\/p><\/div><\/div><\/div><div class=\"ea-card sp-ea-single\"><h3 class=\"ea-header\"><a class=\"collapsed\" id=\"ea-header-1772\" role=\"button\" data-sptoggle=\"spcollapse\" data-sptarget=\"#collapse1772\" aria-controls=\"collapse1772\" href=\"#\" aria-expanded=\"false\" tabindex=\"0\"><i aria-hidden=\"true\" role=\"presentation\" class=\"ea-expand-icon eap-icon-ea-expand-plus\"><\/i> Chegue antes se for tomar sua primeira aula<\/a><\/h3><div class=\"sp-collapse spcollapse \" id=\"collapse1772\" data-parent=\"#sp-ea-177\" role=\"region\" aria-labelledby=\"ea-header-1772\"> <div class=\"ea-body\"><p><span style=\"font-size: 12pt\">Tente chegar com anteced\u00eancia, o ideal 30 minutos para se ambientar.<\/span><\/p><\/div><\/div><\/div><div class=\"ea-card sp-ea-single\"><h3 class=\"ea-header\"><a class=\"collapsed\" id=\"ea-header-1773\" role=\"button\" data-sptoggle=\"spcollapse\" data-sptarget=\"#collapse1773\" aria-controls=\"collapse1773\" href=\"#\" aria-expanded=\"false\" tabindex=\"0\"><i aria-hidden=\"true\" role=\"presentation\" class=\"ea-expand-icon eap-icon-ea-expand-plus\"><\/i> Como entrar?<\/a><\/h3><div class=\"sp-collapse spcollapse \" id=\"collapse1773\" data-parent=\"#sp-ea-177\" role=\"region\" aria-labelledby=\"ea-header-1773\"> <div class=\"ea-body\"><figure id=\"attachment_2430\" aria-describedby=\"caption-attachment-2430\" style=\"width: 300px\" class=\"wp-caption alignright\"><img fetchpriority=\"high\" decoding=\"async\" class=\"size-medium wp-image-2430\" src=\"https:\/\/www.thatyvidal.com.br\/wp-content\/uploads\/2023\/04\/IMG_20230325_102251867-scaled-e1682467649713-300x169.jpg\" alt=\"Entrada da H\u00edpica Haras Funchal\" width=\"300\" height=\"169\" \/><figcaption id=\"caption-attachment-2430\" class=\"wp-caption-text\">Entrada da H\u00edpica Haras Funchal<\/figcaption><\/figure><p><span style=\"font-size: 12pt\">Se o port\u00e3o estiver fechado, n\u00e3o se preocupe, a raz\u00e3o \u00e9 por seguran\u00e7a dos cavalos, por favor buzine ou des\u00e7a para chamar uma pessoa que ir\u00e1 te abrir.<\/span><\/p><p><span style=\"font-size: 12pt\">\u00c0s vezes, aos domingos, em raz\u00e3o da quantidade de pessoas, temos um estacionamento com entrada em outro port\u00e3o um pouco abaixo.<\/span><\/p><\/div><\/div><\/div><div class=\"ea-card sp-ea-single\"><h3 class=\"ea-header\"><a class=\"collapsed\" id=\"ea-header-1774\" role=\"button\" data-sptoggle=\"spcollapse\" data-sptarget=\"#collapse1774\" aria-controls=\"collapse1774\" href=\"#\" aria-expanded=\"false\" tabindex=\"0\"><i aria-hidden=\"true\" role=\"presentation\" class=\"ea-expand-icon eap-icon-ea-expand-plus\"><\/i> O que devo usar se for tomar aula?<\/a><\/h3><div class=\"sp-collapse spcollapse \" id=\"collapse1774\" data-parent=\"#sp-ea-177\" role=\"region\" aria-labelledby=\"ea-header-1774\"> <div class=\"ea-body\"><p><span style=\"font-size: 12pt\">O recomend\u00e1vel \u00e9 que voc\u00ea v\u00e1 com uma cal\u00e7a comprida como um jeans, por exemplo, para as mulheres pode ser uma legging, ou seja, n\u00e3o v\u00e1 de bermuda ou short.<\/span><\/p><\/div><\/div><\/div><div class=\"ea-card sp-ea-single\"><h3 class=\"ea-header\"><a class=\"collapsed\" id=\"ea-header-1775\" role=\"button\" data-sptoggle=\"spcollapse\" data-sptarget=\"#collapse1775\" aria-controls=\"collapse1775\" href=\"#\" aria-expanded=\"false\" tabindex=\"0\"><i aria-hidden=\"true\" role=\"presentation\" class=\"ea-expand-icon eap-icon-ea-expand-plus\"><\/i> O que devo cal\u00e7ar se for tomar aula?<\/a><\/h3><div class=\"sp-collapse spcollapse \" id=\"collapse1775\" data-parent=\"#sp-ea-177\" role=\"region\" aria-labelledby=\"ea-header-1775\"> <div class=\"ea-body\"><p><span style=\"font-size: 14pt\">N\u00e3o v\u00e1 de sand\u00e1lia ou chinelo, use um sapato fechado, uma bota ou um t\u00eanis, tente n\u00e3o usar algo com salto &#8220;alto&#8221;.<\/span><\/p><\/div><\/div><\/div><div class=\"ea-card sp-ea-single\"><h3 class=\"ea-header\"><a class=\"collapsed\" id=\"ea-header-1776\" role=\"button\" data-sptoggle=\"spcollapse\" data-sptarget=\"#collapse1776\" aria-controls=\"collapse1776\" href=\"#\" aria-expanded=\"false\" tabindex=\"0\"><i aria-hidden=\"true\" role=\"presentation\" class=\"ea-expand-icon eap-icon-ea-expand-plus\"><\/i> Tem equipamento de seguran\u00e7a para primeira aula?<\/a><\/h3><div class=\"sp-collapse spcollapse \" id=\"collapse1776\" data-parent=\"#sp-ea-177\" role=\"region\" aria-labelledby=\"ea-header-1776\"> <div class=\"ea-body\"><p><span style=\"font-size: 12pt\">No in\u00edcio fornecemos o capacete, com o tempo, se voc\u00ea der continuidade \u00e0s aulas \u00e9 ideal ter o seu.<\/span><\/p><p><span style=\"font-size: 12pt\">Tamb\u00e9m podemos fornecer um colete de prote\u00e7\u00e3o, caso seja necess\u00e1rio.<\/span><\/p><\/div><\/div><\/div><div class=\"ea-card sp-ea-single\"><h3 class=\"ea-header\"><a class=\"collapsed\" id=\"ea-header-1777\" role=\"button\" data-sptoggle=\"spcollapse\" data-sptarget=\"#collapse1777\" aria-controls=\"collapse1777\" href=\"#\" aria-expanded=\"false\" tabindex=\"0\"><i aria-hidden=\"true\" role=\"presentation\" class=\"ea-expand-icon eap-icon-ea-expand-plus\"><\/i> Tem lanchonete, restaurante, etc?<\/a><\/h3><div class=\"sp-collapse spcollapse \" id=\"collapse1777\" data-parent=\"#sp-ea-177\" role=\"region\" aria-labelledby=\"ea-header-1777\"> <div class=\"ea-body\"><p><span style=\"font-size: 12pt\">Nosso local \u00e9 uma parceria com a H\u00edpica e Haras Funchal, n\u00e3o temos um bar ou restaurante, mas a regi\u00e3o tem alguns, nossa h\u00edpica est\u00e1 na estrada &#8220;tur\u00edstica&#8221; da Serra da Cantareira.<\/span><\/p><\/div><\/div><\/div><\/div><\/div><\/div>","protected":false},"excerpt":{"rendered":"<p>Se \u00e9 a sua primeira aula ou visita, aqui est\u00e3o algumas dicas importantes: o que vestir, como chegar, endere\u00e7o e telefone (WhatsApp) dos profissionais que trabalham &hellip;<\/p>\n","protected":false},"author":2,"featured_media":342,"parent":0,"menu_order":0,"comment_status":"closed","ping_status":"closed","template":"","meta":{"footnotes":""},"class_list":["post-178","page","type-page","status-publish","has-post-thumbnail","hentry"],"yoast_head":"<!-- This site is optimized with the Yoast SEO plugin v27.5 - https:\/\/yoast.com\/product\/yoast-seo-wordpress\/ -->\n<title>Primeira aula ou visita? Dicas \u00fateis - Aulas de equita\u00e7\u00e3o<\/title>\n<meta name=\"robots\" content=\"index, follow, max-snippet:-1, max-image-preview:large, max-video-preview:-1\" \/>\n<link rel=\"canonical\" href=\"https:\/\/aulasdeequitacao.com.br\/home\/primeira-vez\/\" \/>\n<meta property=\"og:locale\" content=\"pt_BR\" \/>\n<meta property=\"og:type\" content=\"article\" \/>\n<meta property=\"og:title\" content=\"Primeira aula ou visita? Dicas \u00fateis - Aulas de equita\u00e7\u00e3o\" \/>\n<meta property=\"og:description\" content=\"Se \u00e9 a sua primeira aula ou visita, aqui est\u00e3o algumas dicas importantes: o que vestir, como chegar, endere\u00e7o e telefone (WhatsApp) dos profissionais que trabalham &hellip;\" \/>\n<meta property=\"og:url\" content=\"https:\/\/aulasdeequitacao.com.br\/home\/primeira-vez\/\" \/>\n<meta property=\"og:site_name\" content=\"Aulas de equita\u00e7\u00e3o\" \/>\n<meta property=\"article:publisher\" content=\"https:\/\/www.facebook.com\/thatyaulas\/\" \/>\n<meta property=\"article:modified_time\" content=\"2026-01-30T17:21:06+00:00\" \/>\n<meta property=\"og:image\" content=\"http:\/\/aulasdeequitacao.com.br\/home\/wp-content\/uploads\/2024\/04\/DSC_0009-2-Grande-e1713799857840.jpg\" \/>\n\t<meta property=\"og:image:width\" content=\"1620\" \/>\n\t<meta property=\"og:image:height\" content=\"502\" \/>\n\t<meta property=\"og:image:type\" content=\"image\/jpeg\" \/>\n<meta name=\"twitter:card\" content=\"summary_large_image\" \/>\n<meta name=\"twitter:site\" content=\"@AulasThatyEquit\" \/>\n<meta name=\"twitter:label1\" content=\"Est. tempo de leitura\" \/>\n\t<meta name=\"twitter:data1\" content=\"1 minuto\" \/>\n<script type=\"application\/ld+json\" class=\"yoast-schema-graph\">{\"@context\":\"https:\\\/\\\/schema.org\",\"@graph\":[{\"@type\":\"WebPage\",\"@id\":\"https:\\\/\\\/aulasdeequitacao.com.br\\\/home\\\/primeira-vez\\\/\",\"url\":\"https:\\\/\\\/aulasdeequitacao.com.br\\\/home\\\/primeira-vez\\\/\",\"name\":\"Primeira aula ou visita? Dicas \u00fateis - Aulas de equita\u00e7\u00e3o\",\"isPartOf\":{\"@id\":\"https:\\\/\\\/aulasdeequitacao.com.br\\\/home\\\/#website\"},\"primaryImageOfPage\":{\"@id\":\"https:\\\/\\\/aulasdeequitacao.com.br\\\/home\\\/primeira-vez\\\/#primaryimage\"},\"image\":{\"@id\":\"https:\\\/\\\/aulasdeequitacao.com.br\\\/home\\\/primeira-vez\\\/#primaryimage\"},\"thumbnailUrl\":\"https:\\\/\\\/aulasdeequitacao.com.br\\\/home\\\/wp-content\\\/uploads\\\/2024\\\/04\\\/DSC_0009-2-Grande-e1713799857840.jpg\",\"datePublished\":\"2024-02-15T15:19:33+00:00\",\"dateModified\":\"2026-01-30T17:21:06+00:00\",\"inLanguage\":\"pt-BR\",\"potentialAction\":[{\"@type\":\"ReadAction\",\"target\":[\"https:\\\/\\\/aulasdeequitacao.com.br\\\/home\\\/primeira-vez\\\/\"]}]},{\"@type\":\"ImageObject\",\"inLanguage\":\"pt-BR\",\"@id\":\"https:\\\/\\\/aulasdeequitacao.com.br\\\/home\\\/primeira-vez\\\/#primaryimage\",\"url\":\"https:\\\/\\\/aulasdeequitacao.com.br\\\/home\\\/wp-content\\\/uploads\\\/2024\\\/04\\\/DSC_0009-2-Grande-e1713799857840.jpg\",\"contentUrl\":\"https:\\\/\\\/aulasdeequitacao.com.br\\\/home\\\/wp-content\\\/uploads\\\/2024\\\/04\\\/DSC_0009-2-Grande-e1713799857840.jpg\",\"width\":1620,\"height\":502},{\"@type\":\"WebSite\",\"@id\":\"https:\\\/\\\/aulasdeequitacao.com.br\\\/home\\\/#website\",\"url\":\"https:\\\/\\\/aulasdeequitacao.com.br\\\/home\\\/\",\"name\":\"Aulas de equita\u00e7\u00e3o\",\"description\":\"Curso de equita\u00e7\u00e3o: aulas de equita\u00e7\u00e3o, como montar um cavalo, equita\u00e7\u00e3o para iniciantes, t\u00e9cnicas de equita\u00e7\u00e3o, aulas de hipismo e treinamento para competi\u00e7\u00f5es.\",\"publisher\":{\"@id\":\"https:\\\/\\\/aulasdeequitacao.com.br\\\/home\\\/#organization\"},\"potentialAction\":[{\"@type\":\"SearchAction\",\"target\":{\"@type\":\"EntryPoint\",\"urlTemplate\":\"https:\\\/\\\/aulasdeequitacao.com.br\\\/home\\\/?s={search_term_string}\"},\"query-input\":{\"@type\":\"PropertyValueSpecification\",\"valueRequired\":true,\"valueName\":\"search_term_string\"}}],\"inLanguage\":\"pt-BR\"},{\"@type\":\"Organization\",\"@id\":\"https:\\\/\\\/aulasdeequitacao.com.br\\\/home\\\/#organization\",\"name\":\"Aulas de equita\u00e7\u00e3o\",\"url\":\"https:\\\/\\\/aulasdeequitacao.com.br\\\/home\\\/\",\"logo\":{\"@type\":\"ImageObject\",\"inLanguage\":\"pt-BR\",\"@id\":\"https:\\\/\\\/aulasdeequitacao.com.br\\\/home\\\/#\\\/schema\\\/logo\\\/image\\\/\",\"url\":\"https:\\\/\\\/aulasdeequitacao.com.br\\\/home\\\/wp-content\\\/uploads\\\/2024\\\/01\\\/cropped-logo-6.jpeg\",\"contentUrl\":\"https:\\\/\\\/aulasdeequitacao.com.br\\\/home\\\/wp-content\\\/uploads\\\/2024\\\/01\\\/cropped-logo-6.jpeg\",\"width\":512,\"height\":512,\"caption\":\"Aulas de equita\u00e7\u00e3o\"},\"image\":{\"@id\":\"https:\\\/\\\/aulasdeequitacao.com.br\\\/home\\\/#\\\/schema\\\/logo\\\/image\\\/\"},\"sameAs\":[\"https:\\\/\\\/www.facebook.com\\\/thatyaulas\\\/\",\"https:\\\/\\\/x.com\\\/AulasThatyEquit\",\"https:\\\/\\\/www.instagram.com\\\/thatyaulas\\\/\"]}]}<\/script>\n<!-- \/ Yoast SEO plugin. -->","yoast_head_json":{"title":"Primeira aula ou visita? Dicas \u00fateis - Aulas de equita\u00e7\u00e3o","robots":{"index":"index","follow":"follow","max-snippet":"max-snippet:-1","max-image-preview":"max-image-preview:large","max-video-preview":"max-video-preview:-1"},"canonical":"https:\/\/aulasdeequitacao.com.br\/home\/primeira-vez\/","og_locale":"pt_BR","og_type":"article","og_title":"Primeira aula ou visita? Dicas \u00fateis - Aulas de equita\u00e7\u00e3o","og_description":"Se \u00e9 a sua primeira aula ou visita, aqui est\u00e3o algumas dicas importantes: o que vestir, como chegar, endere\u00e7o e telefone (WhatsApp) dos profissionais que trabalham &hellip;","og_url":"https:\/\/aulasdeequitacao.com.br\/home\/primeira-vez\/","og_site_name":"Aulas de equita\u00e7\u00e3o","article_publisher":"https:\/\/www.facebook.com\/thatyaulas\/","article_modified_time":"2026-01-30T17:21:06+00:00","og_image":[{"width":1620,"height":502,"url":"http:\/\/aulasdeequitacao.com.br\/home\/wp-content\/uploads\/2024\/04\/DSC_0009-2-Grande-e1713799857840.jpg","type":"image\/jpeg"}],"twitter_card":"summary_large_image","twitter_site":"@AulasThatyEquit","twitter_misc":{"Est. tempo de leitura":"1 minuto"},"schema":{"@context":"https:\/\/schema.org","@graph":[{"@type":"WebPage","@id":"https:\/\/aulasdeequitacao.com.br\/home\/primeira-vez\/","url":"https:\/\/aulasdeequitacao.com.br\/home\/primeira-vez\/","name":"Primeira aula ou visita? Dicas \u00fateis - Aulas de equita\u00e7\u00e3o","isPartOf":{"@id":"https:\/\/aulasdeequitacao.com.br\/home\/#website"},"primaryImageOfPage":{"@id":"https:\/\/aulasdeequitacao.com.br\/home\/primeira-vez\/#primaryimage"},"image":{"@id":"https:\/\/aulasdeequitacao.com.br\/home\/primeira-vez\/#primaryimage"},"thumbnailUrl":"https:\/\/aulasdeequitacao.com.br\/home\/wp-content\/uploads\/2024\/04\/DSC_0009-2-Grande-e1713799857840.jpg","datePublished":"2024-02-15T15:19:33+00:00","dateModified":"2026-01-30T17:21:06+00:00","inLanguage":"pt-BR","potentialAction":[{"@type":"ReadAction","target":["https:\/\/aulasdeequitacao.com.br\/home\/primeira-vez\/"]}]},{"@type":"ImageObject","inLanguage":"pt-BR","@id":"https:\/\/aulasdeequitacao.com.br\/home\/primeira-vez\/#primaryimage","url":"https:\/\/aulasdeequitacao.com.br\/home\/wp-content\/uploads\/2024\/04\/DSC_0009-2-Grande-e1713799857840.jpg","contentUrl":"https:\/\/aulasdeequitacao.com.br\/home\/wp-content\/uploads\/2024\/04\/DSC_0009-2-Grande-e1713799857840.jpg","width":1620,"height":502},{"@type":"WebSite","@id":"https:\/\/aulasdeequitacao.com.br\/home\/#website","url":"https:\/\/aulasdeequitacao.com.br\/home\/","name":"Aulas de equita\u00e7\u00e3o","description":"Curso de equita\u00e7\u00e3o: aulas de equita\u00e7\u00e3o, como montar um cavalo, equita\u00e7\u00e3o para iniciantes, t\u00e9cnicas de equita\u00e7\u00e3o, aulas de hipismo e treinamento para competi\u00e7\u00f5es.","publisher":{"@id":"https:\/\/aulasdeequitacao.com.br\/home\/#organization"},"potentialAction":[{"@type":"SearchAction","target":{"@type":"EntryPoint","urlTemplate":"https:\/\/aulasdeequitacao.com.br\/home\/?s={search_term_string}"},"query-input":{"@type":"PropertyValueSpecification","valueRequired":true,"valueName":"search_term_string"}}],"inLanguage":"pt-BR"},{"@type":"Organization","@id":"https:\/\/aulasdeequitacao.com.br\/home\/#organization","name":"Aulas de equita\u00e7\u00e3o","url":"https:\/\/aulasdeequitacao.com.br\/home\/","logo":{"@type":"ImageObject","inLanguage":"pt-BR","@id":"https:\/\/aulasdeequitacao.com.br\/home\/#\/schema\/logo\/image\/","url":"https:\/\/aulasdeequitacao.com.br\/home\/wp-content\/uploads\/2024\/01\/cropped-logo-6.jpeg","contentUrl":"https:\/\/aulasdeequitacao.com.br\/home\/wp-content\/uploads\/2024\/01\/cropped-logo-6.jpeg","width":512,"height":512,"caption":"Aulas de equita\u00e7\u00e3o"},"image":{"@id":"https:\/\/aulasdeequitacao.com.br\/home\/#\/schema\/logo\/image\/"},"sameAs":["https:\/\/www.facebook.com\/thatyaulas\/","https:\/\/x.com\/AulasThatyEquit","https:\/\/www.instagram.com\/thatyaulas\/"]}]}},"_links":{"self":[{"href":"https:\/\/aulasdeequitacao.com.br\/home\/wp-json\/wp\/v2\/pages\/178","targetHints":{"allow":["GET"]}}],"collection":[{"href":"https:\/\/aulasdeequitacao.com.br\/home\/wp-json\/wp\/v2\/pages"}],"about":[{"href":"https:\/\/aulasdeequitacao.com.br\/home\/wp-json\/wp\/v2\/types\/page"}],"author":[{"embeddable":true,"href":"https:\/\/aulasdeequitacao.com.br\/home\/wp-json\/wp\/v2\/users\/2"}],"replies":[{"embeddable":true,"href":"https:\/\/aulasdeequitacao.com.br\/home\/wp-json\/wp\/v2\/comments?post=178"}],"version-history":[{"count":2,"href":"https:\/\/aulasdeequitacao.com.br\/home\/wp-json\/wp\/v2\/pages\/178\/revisions"}],"predecessor-version":[{"id":231,"href":"https:\/\/aulasdeequitacao.com.br\/home\/wp-json\/wp\/v2\/pages\/178\/revisions\/231"}],"wp:featuredmedia":[{"embeddable":true,"href":"https:\/\/aulasdeequitacao.com.br\/home\/wp-json\/wp\/v2\/media\/342"}],"wp:attachment":[{"href":"https:\/\/aulasdeequitacao.com.br\/home\/wp-json\/wp\/v2\/media?parent=178"}],"curies":[{"name":"wp","href":"https:\/\/api.w.org\/{rel}","templated":true}]}}